 q = -3*p + 16, -q - 4*q + 70 = 5*p. Suppose q = -4*i + 5*c, -16 = 5*c - 41. Suppose 5 = f + i. Calculate the greatest common divisor of 1 and f.
1
Let g be 20/35 + 20/14. Suppose -g*p - 4*b + 520 = -2*b, -p - 5*b = -264. What is the greatest common factor of p and 37?
37
Suppose -2*x + 6*o = o - 221, -3*x + 5*o = -329. Calculate the highest common divisor of x and 180.
36
Suppose 1270 = 5*b + 105. Let p = b - 161. Calculate the highest common divisor of 48 and p.
24
Let r = -194 - -195. Calculate the highest common factor of 8 and r.
1
Let r(m) = 10*m**2 + 6*m + 25. Let c be r(-5). Calculate the greatest common factor of 49 and c.
49
Let n = 188 - 278. Let p be (2/(-4))/(1/n). Suppose 4*k - 2*f - 18 = -2, -3*f + 1 = -k. What is the greatest common factor of p and k?
5
Let d = 44 + 8. Let x = 144 + 135. Let j be (-6)/21 - x/(-21). What is the greatest common divisor of d and j?
13
Suppose 55 = -5*o + b + 183, -5*o + 136 = 3*b. Suppose 0*l + 130 = 2*l. What is the greatest common divisor of o and l?
13
Let h = -27 + 28. Let p be h*-4*12/(-8). Suppose -8*l = -3*l - 10, -22 = -3*j - 2*l. What is the greatest common factor of j and p?
6
Let a = -203 + 383. What is the highest common divisor of a and 45?
45
Let i = -452 + 512. Let v be 10/((-2)/8*-2). Calculate the highest common factor of v and i.
20
Let x be (1 - 35)*5/(-2). What is the highest common divisor of 136 and x?
17
Let x(g) = 3 - 6 - g + 3. Let j be x(-9). Let n(r) = -r**3 - 6*r**2 - 2*r - 6. Let t be n(-6). Calculate the greatest common divisor of t and j.
3
Let a(y) = -4*y - 12. Let g be a(-7). Let j be 66/(-15) + 2/5. Let o = 6 + j. Calculate the greatest common factor of o and g.
2
Suppose -2*t = -n - 193, 3*t - 5*t = -3*n - 199. Suppose 5*a = 6*a - t. Calculate the highest common factor of a and 19.
19
Let z(g) = 5*g - 1. Suppose -2*k + 5 = 3*k. Let u be z(k). Suppose -2*o + 18 = c - 4*o, -u*o = c - 18. What is the greatest common divisor of 90 and c?
18
Let s = -493 - -1069. Suppose 7*r - 11*r + s = 0. What is the greatest common factor of r and 18?
18
Suppose 5*z + 209 = 2*x, -4*x - z = -0*z - 473. Let r(p) = p**3 - 8*p**2 + 21*p - 21. Let m be r(5). Calculate the highest common divisor of m and x.
9
Let v = -52 - -37. Let p = 26 + v. Let k = 374 - 253. Calculate the greatest common factor of k and p.
11
Let d = -4 - -9. Suppose 5*x - 21 = -d*a + 9, -62 = -5*x + 3*a. Calculate the highest common divisor of x and 80.
10
Suppose -n - 38 = -5*z + 2*n, -4*z + 5*n + 33 = 0. Suppose -23 + z = -4*q. Calculate the highest common factor of q and 28.
4
Suppose -27*p - 10980 = -33*p. What is the highest common divisor of p and 15?
15
Let s = 85 + -129. Let c = -41 - s. What is the highest common factor of 27 and c?
3
Suppose j - v - 986 = 0, -6*j - 3948 = -10*j + 2*v. What is the highest common factor of j and 52?
52
Let d = 2593 - 2560. What is the greatest common factor of 396 and d?
33
Suppose 18*l - 3438 - 5778 = 0. What is the highest common divisor of l and 4?
4
Let s be (9/(-27))/((-2)/12). Suppose 4*r + 2*l - 118 + 12 = 0, -3*l = s*r - 63. Let d be 50/2 - (1 - 0). Calculate the highest common factor of d and r.
24
Let w = -10 - -15. Suppose -w*d + 0*u - 2*u = -98, -2*u - 2 = 0. What is the highest common factor of d and 20?
20
Let r be (4 - 3)/(7/63). Suppose 5*l - 230 + 50 = 0. What is the highest common factor of l and r?
9
Suppose 3 - 1 = 2*o. Suppose 140*t + 3*d = 136*t + 34, 0 = 4*t - d - 42. Calculate the highest common factor of t and o.
1
Suppose 0 = -2*x + 3*w + 224 + 568, -5*x + 1930 = 5*w. What is the greatest common factor of 120 and x?
30
Let i be 12/18 - 12138/(-18). What is the highest common divisor of i and 25?
25
Suppose 3*d - 6*x - 21 = -3*x, 5*x = -d - 5. Suppose -n = d*t + 4*n - 95, 0 = -4*t + 4*n + 52. Calculate the highest common factor of 40 and t.
8
Suppose 9*r + 285 = 12*r. What is the greatest common divisor of r and 25?
5
Let p = 61 + -30. Calculate the greatest common factor of p and 217.
31
Let z be (-6 + 5)*10 + 112. What is the highest common factor of z and 2703?
51
Let s(l) = 2*l. Let a be s(4). Let x(k) = -21*k + 128. Let r be x(6). Calculate the highest common divisor of r and a.
2
Suppose 0 = 3*l + 67 - 154. Suppose -4*r - l = -p - 2, 2*r = -3*p + 25. What is the greatest common divisor of p and 11?
11
Let c be 3/(54/60) + 18/27. Let m(r) be the third derivative of 5*r**4/24 - r**3/6 - r**2. Let d be m(c). What is the greatest common factor of d and 209?
19
Suppose 3*k + 4*r - 171 = 2*r, 0 = -3*r. Suppose 0 = -5*m - 13 + 3, -k = -5*x + m. What is the greatest common factor of 176 and x?
11
Suppose 5*m - 233 = -q, 0 = 4*m - m + q - 139. Let y = 2175 + -1893. What is the greatest common factor of y and m?
47
Let q be -14*35/5*(-9)/(-6). Let t be -3 - (q - (-2 + 3)). Calculate the greatest common factor of t and 58.
29
Let y(t) = -2*t + 130. Suppose 0 = 4*r - 2*r. Let w be y(r). Calculate the highest common divisor of 26 and w.
26
Let d be 2/6*11*9 - 0. Let y(n) = 24*n + 3. Let m be y(4). What is the greatest common factor of m and d?
33
Let a(r) = 2*r**3 - 34*r**2 + 30*r + 68. Let i be a(16). Let j = 93 - 48. What is the greatest common factor of i and j?
9
Suppose 69 = w + 4*h, 2*w - 5*h + 1 - 100 = 0. Let t = -49 + w. What is the greatest common divisor of 64 and t?
8
Let q be 4464/84 - 8 - (-2)/(-14). What is the greatest common divisor of q and 165?
15
Suppose 2*n - 17 = 4*f - 3*f, f = -2*n + 11. Let t = 496 + -489. Calculate the greatest common factor of n and t.
7
Let y(x) = -x + 9. Let n be y(7). Let s be 21/n - 30/20. Let v be 19 - (2 - (-2)/(-2)). What is the highest common factor of s and v?
9
Let u be 56*((-3)/(-2))/1. Let q be 162/36*98/63. Calculate the greatest common divisor of q and u.
7
Let y be 4 + (42/(-7) - -18). Calculate the greatest common factor of y and 592.
16
Let k be (-12 - -29) + (-2)/2. Suppose -15*y - 96 = -k*y. Let j be (-147)/(-12) + (-2)/8. Calculate the highest common factor of j and y.
12
Let x be 64/10 + -6 + 1316/10. What is the greatest common divisor of 24 and x?
12
Suppose 2*q + 168 = 6*q. What is the highest common factor of 210 and q?
42
Let f(w) = -w**3 + 7*w**2 + 10*w - 8. Let i be 6/(-4)*(-80)/15. Let s be f(i). What is the greatest common divisor of s and 72?
8
Suppose 0 = 3*x - x - 4. Suppose -5*z - 33 = -48. Calculate the greatest common divisor of z and x.
1
Suppose 4*v - 38 = -3*z + 100, -3*v - 75 = -2*z. What is the highest common divisor of 12 and z?
6
Let o be 9/((-45)/(-320)) - 0. Suppose 60*n - o*n = -48. Calculate the greatest common divisor of 18 and n.
6
Suppose 0*w + 180 = 5*w. Let b = -1254 - -1258. Calculate the greatest common factor of b and w.
4
Suppose -15*b = -1660 - 2840. Calculate the highest common divisor of 40 and b.
20
Let g = 60 + -27. What is the greatest common factor of 759 and g?
33
Let s(x) = x**3 + 7*x**2 - 11*x - 8. Let b be s(-7). Suppose 0 = 71*j - b*j - 104. Calculate the highest common factor of 26 and j.
26
Suppose 10*n - 198 = 7*n. Suppose -5*u + 3*t = -225, -5*u - 98 + 323 = -2*t. Suppose -2*k = -u + 1. What is the highest common divisor of k and n?
22
Suppose s = -3*s, -11*f + 3465 = 2*s. Calculate the greatest common divisor of 70 and f.
35
Let p be (9040/339)/((-2)/(-3)). Calculate the highest common divisor of 24 and p.
8
Let y(x) be the first derivative of -3*x - 7*x + 4*x**2 - 6 + 2*x - 2*x**2. Let d be y(7). Calculate the greatest common divisor of d and 4.
4
Let w(u) = u**2 - 10*u + 12. Let m be w(9). Suppose 9 = 2*j + j. What is the greatest common divisor of m and j?
3
Let w = -37 - -55. Let j = w + -7. What is the highest common divisor of j and 55?
11
Let r(l) = 5*l - 15. Let a be (-2 - (-2 - -1))*-7. Let z be r(a). Let g = z + -4. What is the highest common factor of 8 and g?
8
Suppose 0 = -0*f + 4*f - 3*g - 166, -3*f = -5*g - 119. Let a = 63 - f. Let i be (5/((-25)/(-18)))/((-27)/(-450)). What is the highest common factor of i and a?
20
Suppose 7 + 3 = -5*q + 5*d, q - 5*d + 10 = 0. Suppose 17 + q = h. Calculate the highest common factor of h and 17.
17
Let k(p) be the first derivative of -11*p**2/2 + 20*p + 641. Let n = -20 + 11. Let l be k(n). Calculate the highest common factor of 17 and l.
17
Let b = 1258 + -1222. What is the greatest comm